is the greatest common divisor of 141458787 and 18?
9
Calculate the greatest common factor of 8544523 and 6647.
391
Calculate the greatest common factor of 178 and 554803394.
178
Calculate the highest common divisor of 4827 and 21028021.
1609
What is the greatest common factor of 196 and 4694860?
4
Calculate the greatest common divisor of 1204 and 300566.
14
Calculate the greatest common divisor of 5299344 and 4230.
846
Calculate the highest common divisor of 3445 and 9393137.
689
Calculate the greatest common factor of 1550 and 234218950.
1550
Calculate the greatest common factor of 2585 and 13620882.
517
Calculate the greatest common divisor of 26749920 and 621.
69
What is the greatest common factor of 2725 and 32695?
5
What is the greatest common divisor of 53821 and 199691?
503
Calculate the highest common factor of 1261864 and 130.
2
What is the highest common factor of 93418041 and 57?
57
What is the greatest common factor of 74776359 and 273?
21
What is the highest common factor of 80983 and 87906?
161
Calculate the highest common factor of 17992 and 1586756.
692
Calculate the greatest common factor of 148 and 3627932436.
148
Calculate the highest common factor of 2756109372 and 3629.
3629
What is the greatest common divisor of 8274 and 4086174?
1182
Calculate the greatest common divisor of 82173 and 43071.
147
What is the greatest common divisor of 1091581248 and 6?
6
Calculate the highest common divisor of 3324288 and 1152.
384
Calculate the highest common factor of 225 and 5205575.
25
What is the greatest common factor of 4670772 and 684?
12
What is the highest common divisor of 416 and 4305938?
26
What is the greatest common divisor of 1072 and 127870438?
134
What is the greatest common divisor of 3259724 and 30160?
52
What is the greatest common factor of 2486303 and 1143757?
2881
Calculate the greatest common factor of 4309760 and 36288.
448
Calculate the highest common factor of 2542 and 7863026.
62
What is the highest common divisor of 9712300 and 123392?
964
What is the highest common divisor of 7632 and 55083748?
212
Calculate the greatest common divisor of 28993589 and 519.
173
Calculate the greatest common divisor of 5840584 and 4964.
292
Calculate the greatest common divisor of 13714394 and 93916.
886
Calculate the highest common factor of 66 and 1067110286.
22
Calculate the highest common factor of 1087 and 1123024267.
1087
Calculate the highest common divisor of 40 and 61205140.
20
What is the highest common divisor of 6435429 and 325?
13
What is the highest common factor of 169822833 and 834?
417
What is the greatest common divisor of 84216 and 321987?
87
Calculate the greatest common divisor of 1054 and 47644582.
62
Calculate the greatest common divisor of 349670150 and 2650.
2650
What is the highest common factor of 5690698 and 182?
26
Calculate the highest common factor of 10986922 and 16753.
1523
What is the greatest common divisor of 231 and 21166453?
77
What is the greatest common divisor of 115725 and 603175?
25
What is the highest common factor of 919665 and 499797?
963
What is the highest common factor of 496536 and 2499?
51
Calculate the highest common factor of 48303 and 42939.
9
Calculate the highest common divisor of 1638 and 195504582.
546
What is the highest common divisor of 11 and 677927041?
11
Calculate the highest common divisor of 563 and 3323389.
563
What is the highest common divisor of 394 and 7724173?
197
What is the greatest common factor of 49704 and 2791176?
456
What is the highest common factor of 167 and 279655027?
167
What is the highest common divisor of 30877 and 94447129?
2807
What is the highest common divisor of 112525 and 1435819?
4501
Calculate the greatest common factor of 40568 and 1448.
8
What is the highest common factor of 15 and 95295030?
15
What is the highest common divisor of 180 and 564540?
60
What is the greatest common factor of 591130 and 16160?
10
What is the highest common divisor of 434 and 90724197?
31
What is the highest common divisor of 11988780 and 380?
20
What is the highest common divisor of 221229 and 32853?
141
What is the greatest common divisor of 52444 and 13363?
7
What is the greatest common factor of 477 and 6411887?
53
What is the highest common factor of 284 and 19699873?
71
What is the greatest common divisor of 20072054 and 7314?
2438
What is the greatest common factor of 74640398 and 798?
266
Calculate the highest common divisor of 1154122316 and 136.
68
What is the greatest common divisor of 543874 and 180352?
2818
Calculate the highest common factor of 37761443 and 35704.
4463
What is the highest common divisor of 275587 and 30702?
731
What is the highest common divisor of 1881228056 and 248?
248
What is the greatest common divisor of 240973250 and 800?
50
What is the highest common divisor of 823425 and 2100?
75
What is the greatest common factor of 1470 and 485520?
210
Calculate the greatest common factor of 25775270 and 141.
47
What is the greatest common factor of 855974 and 98?
14
What is the highest common divisor of 514976 and 10792?
152
Calculate the greatest common divisor of 2963328714 and 8334.
8334
What is the highest common factor of 177444 and 34590132?
5724
What is the greatest common factor of 29463765 and 5140?
1285
What is the highest common factor of 414 and 8356662?
18
What is the greatest common divisor of 9559 and 6244464545?
9559
Calculate the greatest common divisor of 1562 and 51685160.
142
What is the greatest common factor of 54921548 and 44?
44
What is the greatest common factor of 311163 and 284981?
1007
What is the highest common factor of 60468 and 71?
1
Calculate the greatest common divisor of 174696982 and 4674.
1558
Calculate the highest common divisor of 8055 and 543240.
45
Calculate the greatest common factor of 1043790 and 85.
5
Calculate the greatest common divisor of 29631 and 2741301.
51
Calculate the greatest common factor of 15114 and 1159686.
66
Calculate the highest common divisor of 108558 and 149960.
326
Calculate the greatest common divisor of 27059187 and 93.
93
What is the greatest common divisor of 5036661 and 196?
49
What is the highest common divisor of 1211 and 23541840?
1211
Calculate the greatest common factor of 12404 and 660319852.
1772
What is the highest common factor of 40030152 and 48?
24
Calculate the highest common factor of 527250 and 3709731.
2109
What is the highest common divisor of 129481048 and 342?
38
What is the highest common divisor of 192 and 273328?
16
What is the greatest common divisor of 13518 and 466150206?
4506
What is the greatest common factor of 7497 and 4915386?
441
What is the greatest common divisor of 585470 and 12710?
10
What is the highest common factor of 17088 and 1740840?
2136
What is the highest common divisor of 8106675 and 10?
5
Calculate the highest common factor of 1098 and 153699138.
1098
What is the greatest common divisor of 724750385 and 5470?
2735
What is the greatest common divisor of 35316430 and 15320?
3830
Calculate the highest common factor of 1988 and 4609604.
284
Calculate the highest common factor of 7097740 and 19240.
260
Calculate the highest common factor of 14746 and 411272.
202
What is the greatest common divisor of 36 and 776262?
6
What is the greatest common factor of 70875363 and 4134?
2067
Calculate the greatest common divisor of 483218 and 16.
2
What is the highest common factor of 840 and 47050710?
210
What is the highest common factor of 969620 and 80?
20
What is the greatest common divisor of 26400015 and 135?
45
Calculate the greatest common divisor of 7216 and 76894147.
451
Calculate the greatest common divisor of 605208 and 46824.
24
What is the greatest common factor of 544 and 76553669?
17
What is the highest common divisor of 2253 and 239601?
3
What is the greatest common factor of 21903 and 1338169?
1043
What is the highest common divisor of 629267 and 32421?
107
Calculate the highest common divisor of 166970030 and 2680.
670
Calculate the highest common factor of 9505388 and 2726.
58
Calculate the highest common factor of 2565 and 12732.
3
Calculate the highest common divisor of 107578 and 228152.
722
What is the highest common factor of 2080 and 207445160?
520
What is the highest common factor of 812595 and 244705